e 2?
11101000101010100100
What is 5324041 (base 6) in base 3?
111012202221
Convert 18778230 (base 9) to base 2.
100100001111010010001100
Convert -138c6 (base 13) to base 12.
-19276
2230111141 (base 5) to base 8
22624544
-4131082 (base 9) to base 10
-2205299
Convert 315647 (base 9) to base 6.
4005454
What is -207704 (base 10) in base 14?
-559a0
What is -4513304 (base 6) in base 2?
-110111100011101000
-210343300 (base 5) to base 8
-3246424
What is -230160 (base 10) in base 6?
-4533320
What is 1513172 (base 8) in base 5?
102303423
Convert 30656546 (base 7) to base 12.
a48505
-7023412 (base 9) to base 3
-21000210110102
5e319 (base 15) to base 3
120021222220
21256885 (base 9) to base 5
10111102011
1466105 (base 8) to base 13
119796
What is -57241645 (base 8) in base 13?
-2753929
Convert b6705 (base 15) to base 4.
2031102101
What is -100141 (base 8) in base 7?
-164550
What is 1873644 (base 9) in base 14?
1d57a9
-4121151 (base 7) to base 10
-492633
1c4a0 (base 14) to base 15
1662d
What is 633425 (base 8) in base 14?
56b09
Convert -1808b2 (base 13) to base 16.
-92cbe
What is 2641773 (base 12) in base 5?
3413110402
Convert -256428 (base 9) to base 4.
-211333223
What is -5321504 (base 6) in base 2?
-111111011000010000
What is -6143c (base 13) in base 3?
-22212002012
-404041312 (base 5) to base 4
-12031120323
Convert -f488d (base 16) to base 2.
-11110100100010001101
-2905911 (base 10) to base 8
-13053467
What is 14063b9 (base 14) in base 16?
93faff
-b7580 (base 14) to base 11
-282815
What is -a623 (base 11) in base 8?
-33355
What is -1000000101111101011 (base 2) in base 4?
-1000233223
Convert -71a7c4 (base 13) to base 3.
-11222200101102
What is 153476 (base 9) in base 6?
2005110
-4b6e5 (base 16) to base 2
-1001011011011100101
What is -259ac75 (base 13) in base 10?
-11791226
What is 69b58a (base 12) in base 3?
10012100012121
Convert -24a3e (base 16) to base 10.
-150078
What is -110201110112 (base 3) in base 11?
-161133
Convert 2238346 (base 13) to base 7.
155151220
Convert 4233340 (base 11) to base 15.
9c45b4
Convert 4001431 (base 10) to base 2.
1111010000111010010111
2022525 (base 6) to base 7
551303
ab770 (base 16) to base 5
134433240
Convert 276b384 (base 12) to base 16.
77e654
What is -22024 (base 12) in base 14?
-12552
What is -1565163 (base 7) in base 11?
-139790
-16e64 (base 15) to base 14
-1d023
Convert 378406 (base 9) to base 15.
47dc6
What is 10a997 (base 11) in base 13?
61ba4
What is -406446 (base 8) in base 2?
-100000110100100110
Convert -110001010100100111010 (base 2) to base 4.
-12022210322
What is 110000100011101101010 (base 2) in base 11?
9974a7
-8029b3 (base 13) to base 2
-1011010110101010010101
What is -1a26c (base 16) in base 12?
-51ba4
Convert -4555531 (base 6) to base 8.
-707457
-651654 (base 7) to base 5
-12113043
-2134213 (base 7) to base 13
-91918
Convert 63595b (base 12) to base 9.
2845048
Convert 82805 (base 13) to base 14.
61515
What is 111111110000110110 (base 2) in base 5?
31324144
What is -4f919 (base 16) in base 6?
-10552505
11573069 (base 10) to base 11
6595022
Convert -1412413203 (base 5) to base 8.
-15702431
Convert -111110110111000001101 (base 2) to base 9.
-3778444
What is -3632124 (base 7) in base 2?
-1110000101110110001
Convert 1640161 (base 7) to base 8.
675533
What is -882167 (base 12) in base 13?
-5a8350
Convert 511445 (base 7) to base 12.
42428
Convert -2442100 (base 9) to base 2.
-101000011111100001101
Convert -106114 (base 9) to base 5.
-4013032
What is 110420033 (base 6) in base 11?
1141633
What is 4525770 (base 8) in base 10?
1223672
4041220020 (base 5) to base 6
450350503
Convert bda6 (base 14) to base 2.
1000000001101110
What is 1000000100111000101010 (base 2) in base 5?
1020222122
What is 31001332312 (base 4) in base 11?
1a23536
-401140214 (base 5) to base 12
-644681
Convert 111111010010101100110 (base 2) to base 3.
10220100221021
What is 2064405 (base 9) in base 2?
100001101111001010101
What is 552102 (base 13) in base 10?
2003835
Convert 1359aaa (base 12) to base 9.
7222634
Convert -2bc57 (base 13) to base 4.
-110112331
What is -10101111110111111101 (base 2) in base 13?
-1c2b7c
What is 5ddb8a (base 15) in base 4?
101022333220
What is 3743e (base 15) in base 3?
22222001112
-131200203 (base 4) to base 10
-120867
Convert 202224 (base 13) to base 16.
b6754
Convert 55dcca (base 14) to base 10.
2919402
Convert -1325630 (base 7) to base 16.
-2ab36
What is 65186 (base 10) in base 7?
361022
What is 11010101001100011001101 (base 2) in base 8?
32514315
Convert 96a6a (base 12) to base 10.
198514
-10641131 (base 8) to base 13
-62ba08
What is -3b57d (base 14) in base 9?
-242883
What is 5335443 (base 7) in base 2?
10011110001010000011
1564226 (base 7) to base 8
650754
What is -112004112 (base 5) in base 16?
-7a334
-10010010101111 (base 2) to base 10
-9391
313488 (base 11) to base 4
1322221133
-101100011010110011010 (base 2) to base 6
-51110254
Convert -3a66a1 (base 14) to base 15.
-29c25d
-11282 (base 13) to base 11
-21496
-277482 (base 9) to base 4
-221120312
What is -57373 (base 14) in base 5?
-23240402
Convert 2480f (base 16) to base 8.
444017
-42610241 (base 7) to base 5
-1412222330
Convert 2132772 (base 10) to base 6.
113413540
Convert -1212545 (base 10) to base 11.
-759004
Convert -3043033 (base 5) to base 13.
-19864
Convert 122032033 (base 4) to base 15.
21c57
What is 2b686d (base 14) in base 9?
2761036
-22203111011 (base 4) to base 13
-75b099
-18a85 (base 15) to base 5
-10030000
3567423 (base 9) to base 7
22304412
What is 110101111111100001011001 (base 2) in base 3?
222122002101110
What is 516838 (base 9) in base 10?
306863
-39208 (base 12) to base 5
-4444211
46641431 (base 7) to base 2
1111101011101011100001
-101001000101101001111 (base 2) to base 9
-2471801
Convert -a28b2b (base 12) to base 2.
-1001101101011001010011
Convert 121021313212 (base 4) to base 12.
225bb9a
What is 21444130 (base 7) in base 2?
111000001111101000001
Convert 264312 (base 7) to base 12.
24810
-6c1d41 (base 14) to base 8
-16055345
Convert c647d (base 14) to base 5.
110301401
What is 186527 (base 15) in base 12?
492277
-53b38 (base 15) to base 8
-1007062
-562b86 (base 12) to base 6
-45235450
What is -3655127 (base 8) in base 3?
-1220010012110
What is -87901 (base 13) in base 15?
-4ca94
27865 (base 12) to base 4
31120031
-321533023 (base 6) to base 11
-32360a3
747112 (base 8) to base 7
2056111
Convert 2abac9 (base 15) to base 12.
836930
Convert -16aa875 (base 11) to base 16.
-2c3acd
-549815 (base 13) to base 11
-1140565
What is -18c8c4 (base 14) in base 11?
-551027
What is 31001113311 (base 4) in base 9?
6372380
137119 (base 10) to base 9
228074
-10001010110011100000000 (base 2) to base 7
-53442334
Convert -24593 (base 10) to base 13.
-b26a
What is -3664600 (base 9) in base 6?
-110403213
27514044 (base 8) to base 14
b75336
Convert 92946d (base 15) to base 13.
159c1b4
Convert 3479a8c (base 13) to base 12.
5507655
What is b5da (base 16) in base 7?
252504
-3101121100 (base 4) to base 13
-240505
-29b1700 (base 12) to base 5
-4130123123
What is -1212203132 (base 5) in base 15?
-3b487c
Convert 8936 (base 13) to base 15.
5a12
1932b75 (base 12) to base 10
5292809
What is 9aba (base 15) in base 4?
20000200
10111101010111000 (base 2) to base 16
17ab8
What is -173b06 (base 14) in base 5?
-202122010
What is 46710a (base 11) in base 15?
e9a83
What is -2343434 (base 6) in base 3?
-20020020011
8336364 (base 11) to base 3
1000200020120010
Convert 406419 (base 12) to base 2.
11110101101011010101
Convert 66c66 (base 13) to base 3.
100111001100
Convert 1435410 (base 6) to base 8.
241676
What is -25a24 (base 14) in base 15?
-1c649
What is 1236da (base 15) in base 6?
30410241
Convert -792b7 (base 12) to base 4.
-213111223
243054 (base 11) to base 10
384718
Convert -11202010221102 (base 3) to base 13.
-6a40ab
What is -1150407 (base 10) in base 16?
-118dc7
What is 15027 (base 9) in base 13?
4870
What is 66200 (base 14) in base 7?
2050100
7c13b (base 13) to base 12
ab0ba
What is -4656094 (base 10) in base 4?
-101300233132
What is 1a05b8a (base 12) in base 13?
11a055c
1022 (base 8) to base 2
1000010010
-17469 (base 16) to base 15
-1d3ac
Convert -414700 (base 13) to base 3.
-2212102010111
Convert 140141004 (base 7) to base 16.
8aa323
19598da (base 14) to base 6